 = 2*r - 96151. Is k prime?
True
Is 1952318/5 + 16 + 498/(-30) composite?
False
Let t = 1052 + -848. Suppose -t*z + 218*z - 15932 = 0. Is z a prime number?
False
Suppose -2*z = -4*d + 2*z + 28, 4*d + 4*z - 44 = 0. Suppose -111808 + 20611 = -d*p. Is p composite?
False
Let t be 384/168 + 4/(-14). Let n(m) = 4862*m - 33. Is n(t) prime?
False
Let l(a) = 5*a + 18. Let g be l(-4). Let s be 2071/1 - 5 - g. Suppose -7*m = -1579 - s. Is m a prime number?
True
Let p = -4 - 5. Let b(i) = -2*i - 16. Let f be b(p). Suppose 0 = 2*d + f*v - 1272, -3*v = -5 + 2. Is d prime?
False
Let m(l) = 27*l**2 - 21*l - 69. Let o be m(-4). Suppose -o*f = -446*f - 2329. Is f composite?
True
Let h be (-21)/(-2 + 2*3/6). Let m be ((-35)/15 + 5)*h. Suppose -54*a = -m*a + 3046. Is a prime?
True
Suppose -96*g + 1039287 = -92*g + 5*j, g = -8*j + 259815. Is g composite?
False
Suppose -7*t = -5*b + 500593, -3*b + 4*t + 167410 = -132947. Is b composite?
True
Let f be (-54)/4*10*(-1)/3. Let n = 51 - f. Suppose -3*c + n*c = 1905. Is c prime?
False
Suppose l + z - 510589 + 125343 = 0, -3*l = -z - 1155766. Is l prime?
False
Let l be (-31)/(-11) + 4*1/22. Suppose -k - l*n + 1954 = -0*n, -2*n - 7746 = -4*k. Is k a composite number?
True
Let b(x) = 8616*x**2 + 10*x + 191. Is b(8) a composite number?
True
Suppose 8*j - 408 = -4*j. Suppose -j*q + 38*q = -2*r + 18290, 45760 = 5*r + 3*q. Is r a composite number?
True
Let g(r) = 2*r - 7. Let v be g(6). Suppose q + 0*q = -v*i, -20 = -5*q - 5*i. Suppose -q*u + 3133 = 4*a, u + 62 - 685 = -2*a. Is u a prime number?
False
Let r be 1/10*-2*-5. Is 16*(-1176)/(-6) + r a prime number?
True
Let k = 180 + -178. Suppose 5*s - k*z - 277 = 0, 4*z - 14 = 2. Is s a prime number?
False
Let z(u) = -3*u - 8. Let x be z(-13). Let m = x - 33. Is (19806/12 - (-1)/m) + 1 composite?
True
Suppose 0 = -10*b + 7*b - 2*u + 246393, 2*u - 328522 = -4*b. Is b composite?
False
Let t(q) = 329*q**2 + 15*q - 209. Is t(12) a composite number?
True
Let a be (0/(-4 + 11))/(1 + 0). Let p(b) = 4 - 2*b + 12*b**2 - 1 + 2 + a*b. Is p(-3) a prime number?
False
Let g(h) = -16*h**3 - h**2 - h + 1. Let d be (-10)/35 + (-1 - (-214)/14). Suppose -5*u - 10 = -5*w, 6 = 4*u + 2*w + d. Is g(u) a composite number?
False
Let p(z) = 541*z**3 + z**2 - 7*z + 6. Let v be 6 + -3 - -1*16. Suppose 5*g - 8 = 12, -4*g + v = 3*r. Is p(r) a prime number?
True
Let q be 3 + 39/(-15) + 4/(-10). Suppose 0*i - 5*i + 65 = q. Suppose 0 = -0*p - i*p + 15847. Is p prime?
False
Let q(n) = -2*n**2 + 6*n - 1. Let p be q(4). Let d(k) = -4*k - 16. Let m be d(p). Let o = 33 + m. Is o prime?
True
Let a(r) = 88*r**2 - 7*r + 33. Is a(-10) prime?
False
Let p(s) = 156606*s - 1909. Is p(9) a prime number?
False
Let d(g) = -76*g**3 + 2*g**2 - g + 5. Let y be d(5). Let r = -5657 - y. Is r prime?
True
Let v(z) be the third derivative of 1/4*z**5 - 34*z**2 + 0*z - 1/6*z**4 + 0 - 1/120*z**6 + 3/2*z**3. Is v(11) a composite number?
False
Let y = 1043780 + -569679. Is y a composite number?
False
Let k = -65183 - -133742. Is k composite?
True
Suppose 14*n - 2825534 = 356652. Is n a composite number?
False
Suppose 4*s = -8*k + 1496324, -15*k + 14*k = -4*s + 1496351. Is s a prime number?
False
Let s = -12334 - -37564. Suppose 2*z = s - 688. Is z a prime number?
False
Let t = -50 - -55. Suppose -t*j + 62 = -3*f, 3*f + 5 = -7. Is 2/j + (-6328)/(-10) prime?
False
Suppose 6*p - 7*p = -3*f - 1347, 0 = 3*p + 5*f - 3999. Suppose -6*b - 48 + p = 0. Let n = 216 + b. Is n a prime number?
True
Suppose 0 = 101*z - 7047891 + 826392 - 4654888. Is z a composite number?
False
Suppose 2*y - 19*y = -198696. Let u = 17935 - y. Is u a prime number?
True
Let t = 3040 - 1171. Suppose -c - w = -372, -3*c - 4*w - t = -8*c. Is c a composite number?
False
Let h(k) = -1890*k + 75. Let g(s) = 1. Let w(i) = 2*g(i) + h(i). Is w(-4) a composite number?
True
Let q = -512 - -534. Is (-12)/q - (-10643)/11 prime?
True
Suppose 25*m + 381243 = 3309468. Suppose 5*v - m = -3*o + 39781, 62743 = 2*v - 3*o. Is v prime?
True
Suppose -11*g = -19*g - 360. Is 3/g - (-101671)/15 composite?
True
Suppose -r = 3*j - 163694, 89*j - 86*j + 163700 = r. Is r a composite number?
False
Let g(r) = 65*r + 25. Let a be g(-11). Let y be ((-10)/4)/((-20)/7880). Let i = y + a. Is i a composite number?
True
Suppose 94*b - 44 = 90*b. Suppose 499 = k - d, 12*d = b*d. Is k composite?
False
Let s = 8 + 5. Suppose -t + s*t = 36. Suppose 5*h - 1910 = -t*u, -382 = -2*h + h - 3*u. Is h prime?
False
Let h be ((-129)/(-7) - -3)*42. Let x = h - 344. Let n = x - -295. Is n a prime number?
False
Suppose 0 = 13*j + 14*j + 523179. Is ((-4)/(-12))/((-19380)/j - 1) a composite number?
False
Suppose 0 = 175*t - 178*t + 3. Is 4200 - t - (4 + -2) prime?
False
Suppose -35*y + 39530855 + 2899050 = 0. Is y a prime number?
True
Let s be 16/(-40)*30/(-4). Suppose 1424 = s*r + 4*a - 9069, a = -r + 3496. Is r prime?
True
Let j = -4238 - -7955. Let y = j - 364. Is y prime?
False
Let z(p) = 594*p**2 - 3*p - 2. Let f be z(-2). Let w = -459 + 465. Suppose w*s - 5*i = 2*s + 1931, 5*s = -5*i + f. Is s prime?
True
Let s(z) = z**3 - 78*z**2 - 54*z + 17. Is s(80) prime?
False
Let g(a) = 48*a**2 + 89*a + 24. Suppose 11*t = 7*t + 3*w - 37, 5*t + 3*w + 26 = 0. Is g(t) a composite number?
False
Suppose 0 = -7*u + 10*u + 1971. Let y = 10 - 11. Is ((u + y)/(-2))/(0 - -1) prime?
False
Suppose 2*n = 6*n + 52. Let i = n - -21. Suppose -r + 7*s - 4*s + 16 = 0, r + 5*s = -i. Is r a prime number?
True
Let j(f) be the third derivative of -3*f**4/4 - 2*f**3 + f**2. Let m be j(-5). Let z = m + -55. Is z a composite number?
False
Let z = -151 + 248. Suppose 828 = 5*x - z. Is x prime?
False
Is (4 + 50563 - -14)/(1 - 0) composite?
False
Let v(i) = -339*i + 11. Let t = -74 - -76. Let j = t + -6. Is v(j) a composite number?
False
Suppose -3*a + 742524 = -4*i + 7*i, 989997 = 4*a - i. Is a composite?
False
Suppose -12*z + 1734195 = 639303. Is z prime?
False
Suppose -85*l + 10270016 = 25*l - 12524844. Is l a prime number?
False
Is 41/(205/(-10))*48038/(-4) prime?
True
Let t(n) = -879*n**3 + 7*n**2 + 35*n - 25. Is t(-6) a composite number?
False
Let n = -27887 - -48017. Suppose -12*m = -n - 10842. Is m composite?
True
Suppose -46 = -9*o + 80. Let r = 14 - o. Suppose r = 3*s - 206 + 59. Is s prime?
False
Let q(n) = 3*n**2 + 6*n + 3. Let y be q(-2). Let t(x) = 0*x**3 + 1 - 5*x**2 - 18*x**3 - 7*x**3 + 7*x**y. Is t(-4) a composite number?
True
Is 59/(944/96) - -472811 prime?
True
Let r(k) = 16*k**2 - 20*k - 5. Let l(s) = s**3 - 16*s**2 - 18*s + 20. Let c be l(17). Let p be (10/20)/(c/(-4))*6. Is r(p) composite?
False
Let h(i) = 1. Let t(r) = 615*r - 11. Let b(y) = -2*h(y) + t(y). Is b(14) a composite number?
False
Let q = 10126 - 1956. Let y = 18759 - q. Is y composite?
False
Is (-23)/(1150/(-4457620)) + (56/10 - 5) a composite number?
False
Let n = -17 - -19. Suppose 3*o + 56 = n*x, 3*x + 69 = -3*o - o. Let r = o - -267. Is r prime?
False
Let b(n) = 33*n**2 - 1539*n + 223. Is b(-95) composite?
False
Let r(q) = -2*q**3 + 323*q**2 + 765*q - 393. Is r(159) a composite number?
True
Is (36536/(-22))/((-58)/319) a prime number?
False
Let u(w) = -7*w + 31. Let y be u(3). Is 25/y*4*1317/6 composite?
True
Let c(o) = 6*o**3 + 19*o**2 - o + 17. Is c(10) composite?
False
Let k(s) = -25*s - 42. Let i(p) = -13*p - 21. Let g(z) = -z**3 - 9*z**2 - 8*z - 3. Let a be g(-8). Let d(b) = a*k(b) + 5*i(b). Is d(10) a composite number?
True
Let d = -157 + 162. Suppose 0 = -d*g - 2*u + 4343, -2*g + 1735 = 48*u - 45*u. Is g prime?
False
Suppose 21 + 5 = k. Suppose 0 = -t - k - 43. Let i = 148 + t. Is i a prime number?
True
Let z = 23794 - 13736. Let s = -5967 + z. Is s composite?
False
Let z = 1162173 + -714604. Is z a prime number?
True
Is (-4799030)/(-16) - 489/1304 a prime number?
False
Let q = 17039 - 6820. Is q composite?
True
Let w(p) = -2*p - 9. Let c be w(-6). Suppose c*d - 5*g = 2759, 2*d = 2*g + 2*g + 1842. Is d prime?
False
Let y = -14515 + 24658. Let w(c) = 34 - 5 + y*c - 11549*c. Is w(-7) prime?
True
Let g be (-123)/(-21) - 27/(-189). Suppose g*t - 19989 = 25257. Is t prime?
True
Suppose 0 = j + 5*u + 126, 3*j - 2*u - 417 = 6*j. Let f be j/((2 - 3) + 0). Let a = f - 32. Is a composite?
False
Suppose -24*f + 4*f - 11460 = 0. Let l = f + 3052. Is l composite?
True
Suppose